2469
What are the prime factors of 1564010?
2, 5, 7, 22343
List the prime factors of 13771043.
11, 13, 23, 53, 79
List the prime factors of 96429.
3, 32143
What are the prime factors of 105075?
3, 5, 467
What are the prime factors of 833671?
151, 5521
List the prime factors of 1632527.
13, 17, 83, 89
List the prime factors of 12671715.
3, 5, 7, 17, 31, 229
List the prime factors of 11887594.
2, 5943797
What are the prime factors of 122243?
11, 11113
What are the prime factors of 4915599?
3, 13, 126041
List the prime factors of 128254.
2, 7, 9161
What are the prime factors of 567190?
2, 5, 13, 4363
What are the prime factors of 349291?
349291
List the prime factors of 536751.
3, 23, 2593
List the prime factors of 1095325.
5, 7, 11, 569
List the prime factors of 101197.
101197
What are the prime factors of 908240?
2, 5, 11353
List the prime factors of 3644611.
37, 137, 719
List the prime factors of 271152.
2, 3, 7, 269
What are the prime factors of 154744?
2, 23, 29
List the prime factors of 312312.
2, 3, 7, 11, 13
List the prime factors of 169409.
169409
What are the prime factors of 18907406?
2, 7, 167, 8087
What are the prime factors of 4588810?
2, 5, 17, 26993
What are the prime factors of 646367?
797, 811
What are the prime factors of 2630449?
47, 55967
What are the prime factors of 290680?
2, 5, 13, 43
List the prime factors of 81024.
2, 3, 211
What are the prime factors of 829667?
229, 3623
What are the prime factors of 235545?
3, 5, 41, 383
List the prime factors of 13468587.
3, 11, 19, 21481
What are the prime factors of 8331668?
2, 2082917
List the prime factors of 925088.
2, 28909
List the prime factors of 794450.
2, 5, 15889
What are the prime factors of 284446?
2, 142223
List the prime factors of 16628381.
7, 11, 215953
List the prime factors of 394976.
2, 12343
List the prime factors of 12171007.
557, 21851
What are the prime factors of 300119?
300119
What are the prime factors of 106580?
2, 5, 73
List the prime factors of 724664.
2, 90583
What are the prime factors of 4097797?
11, 31, 61, 197
List the prime factors of 2152386.
2, 3, 23, 1733
List the prime factors of 13625139.
3, 11, 37, 11159
What are the prime factors of 4758393?
3, 53, 29927
List the prime factors of 8271735.
3, 5, 149, 3701
What are the prime factors of 26233303?
3517, 7459
List the prime factors of 250157.
37, 6761
What are the prime factors of 484981?
7, 79, 877
What are the prime factors of 30645?
3, 5, 227
List the prime factors of 2107066.
2, 13, 81041
List the prime factors of 9444078.
2, 3, 7, 17, 4409
What are the prime factors of 1038424?
2, 129803
What are the prime factors of 157430?
2, 5, 7, 13, 173
List the prime factors of 223940.
2, 5, 11197
List the prime factors of 222748.
2, 233, 239
What are the prime factors of 9392851?
13, 55579
What are the prime factors of 220825?
5, 11, 73
What are the prime factors of 1227864?
2, 3, 11, 4651
List the prime factors of 7694032.
2, 197, 2441
What are the prime factors of 83376?
2, 3, 193
What are the prime factors of 230062?
2, 7, 16433
What are the prime factors of 1107653?
1019, 1087
What are the prime factors of 933673?
13, 71821
What are the prime factors of 5852407?
11, 4397
List the prime factors of 679950.
2, 3, 5, 1511
List the prime factors of 1208162.
2, 101, 5981
List the prime factors of 12082364.
2, 7, 431513
What are the prime factors of 206176?
2, 17, 379
List the prime factors of 26335751.
13, 2025827
What are the prime factors of 430090?
2, 5, 41, 1049
List the prime factors of 542814.
2, 3, 90469
What are the prime factors of 184987?
11, 67, 251
What are the prime factors of 2883632?
2, 37, 4871
List the prime factors of 7766689.
7, 73, 15199
What are the prime factors of 11410386?
2, 3, 13, 241, 607
What are the prime factors of 464061?
3, 13, 73, 163
What are the prime factors of 2095017?
3, 698339
List the prime factors of 192206.
2, 7, 13729
List the prime factors of 3572385.
3, 5, 238159
List the prime factors of 2763543.
3, 617, 1493
What are the prime factors of 112939?
112939
What are the prime factors of 1403393?
1403393
List the prime factors of 579839.
13, 47, 73
What are the prime factors of 3077690?
2, 5, 7, 11, 571
List the prime factors of 964206.
2, 3, 17, 23, 137
What are the prime factors of 307480?
2, 5, 7687
List the prime factors of 1625669.
37, 53, 829
What are the prime factors of 1319136?
2, 3, 7, 13, 151
What are the prime factors of 24933407?
17, 223, 6577
List the prime factors of 105120.
2, 3, 5, 73
List the prime factors of 436819.
436819
What are the prime factors of 40281513?
3, 1021, 13151
What are the prime factors of 25567?
37, 691
List the prime factors of 18874395.
3, 5, 59, 7109
List the prime factors of 2210980.
2, 5, 227, 487
List the prime factors of 5631780.
2, 3, 5, 7, 11, 23, 53
What are the prime factors of 2154312?
2, 3, 29921
List the prime factors of 2321165.
5, 7, 11, 6029
List the prime factors of 3440163.
3, 31, 71, 521
What are the prime factors of 156637?
13, 12049
List the prime factors of 71978.
2, 17, 29, 73
List the prime factors of 3390639.
3, 7, 161459
List the prime factors of 3308325.
3, 5, 44111
List the prime factors of 3391911.
3, 263, 1433
List the prime factors of 3606180.
2, 3, 5, 60103
List the prime factors of 685117.
17, 191, 211
What are the prime factors of 348070?
2, 5, 34807
List the prime factors of 210715.
5, 17, 37, 67
List the prime factors of 166476.
2, 3, 13873
List the prime factors of 45730.
2, 5, 17, 269
What are the prime factors of 5345911?
163, 32797
What are the prime factors of 415507?
415507
List the prime factors of 11984396.
2, 2996099
List the prime factors of 4030305.
3, 5, 139, 1933
List the prime factors of 1245915.
3, 5, 11, 839
List the prime factors of 1335195.
3, 5, 29671
What are the prime factors of 385839?
3, 43, 997
List the prime factors of 8574908.
2, 659, 3253
List the prime factors of 813419.
813419
List the prime factors of 1120890.
2, 3, 5, 37363
List the prime factors of 25722031.
25722031
List the prime factors of 3108932.
2, 19, 2153
What are the prime factors of 238917?
3, 7, 31, 367
List the prime factors of 149104.
2, 9319
What are the prime factors of 1683179?
719, 2341
What are the prime factors of 2696749?
11, 61, 4019
What are the prime factors of 5398106?
2, 7, 385579
List the prime factors of 1857382.
2, 41, 22651
List the prime factors of 99893.
191, 523
What are the prime factors of 1551578?
2, 7, 19, 307
List the prime factors of 1466729.
11, 47, 2837
What are the prime factors of 2278845?
3, 5, 89, 569
List the prime factors of 2720201.
11, 22481
List the prime factors of 314083.
7, 11, 4079
What are the prime factors of 7116718?
2, 7, 577, 881
What are the prime factors of 5404642?
2, 2702321
List the prime factors of 853974.
2, 3, 11, 19, 227
What are the prime factors of 551605?
5, 110321
List the prime factors of 5988095.
5, 1197619
List the prime factors of 222643.
222643
List the prime factors of 20606901.
3, 7, 103, 1361
What are the prime factors of 778097?
778097
What are the prime factors of 401541?
3, 7, 19121
What are the prime factors of 1696985?
5, 19, 17863
List the prime factors of 1843084.
2, 460771
List the prime factors of 1066408.
2, 7, 137, 139
What are the prime factors of 97499?
97499
List the prime factors of 1029180.
2, 3, 5, 17, 1009
List the prime factors of 21016103.
21016103
What are the prime factors of 446189?
446189
List the prime factors of 708309.
3, 7, 11243
List the prime factors of 364459.
364459
List the prime factors of 616684.
2, 151, 1021
List the prime factors of 15401282.
2, 13, 592357
List the prime factors of 4738147.
53, 89399
What are the prime factors of 4860963?
3, 17, 31771
List the prime factors of 122355.
3, 5, 2719
List the prime factors of 1678457.
11, 53, 2879
List the prime factors of 571683.
3, 7, 3889
What are the prime factors of 213971?
37, 5783
List the prime factors of 5057160.
2, 3, 5, 17, 37, 67
List the prime factors of 14550.
2, 3, 5, 97
List the prime factors of 828919.
7, 13, 9109
What are the prime factors of 22547862?
2, 3, 417553
List the prime factors of 3931246.
2, 11, 178693
What are the prime factors of 160745?
5, 13, 2473
What are the prime factors of 16392678?
2, 3, 59, 46307
What are 